 z = 12 + 0. Let r = 24 - z. What are the prime factors of r?
2, 3
Suppose 0*z - z = 0. Suppose 38 = 5*p - 3*d, -2*d = 2*p - z - 12. List the prime factors of p.
7
Let a(u) = u**2 + 2*u - 3. Let t = 4 + -7. Let r be a(t). Suppose -5*h = -q + 5*q - 28, -2*q + 4 = r. What are the prime factors of h?
2
List the prime factors of ((-212)/20)/((-2)/20).
2, 53
Let d = 0 + 0. Suppose -u + 13 = -d*u. List the prime factors of u.
13
Let u(v) = -v - 4. Let k be u(-4). Suppose 5*i + 5*y = k, -3*i - 3*y - 2 = y. Suppose -1 + 27 = i*h. What are the prime factors of h?
13
Let h(r) be the second derivative of r**5/20 + 3*r**4/4 + 5*r**3/6 + 5*r**2/2 + 4*r. List the prime factors of h(-8).
29
Let x = -44 + 119. Suppose 5*j - x - 55 = 0. List the prime factors of j.
2, 13
Let y = -34 + 81. What are the prime factors of y?
47
Let b(f) = -f - 1. Let x = 2 - -2. Let y be b(x). Let j = -3 - y. What are the prime factors of j?
2
Suppose -27 = l - 74. List the prime factors of l.
47
What are the prime factors of ((-45)/18)/((-2)/28)?
5, 7
Suppose 5*a - 3 = 287. What are the prime factors of a?
2, 29
Suppose 0 = 5*m - 5*r - 1215, -5*r + 14 + 1181 = 5*m. List the prime factors of m.
241
Let w(m) = m**3 - 3*m**2 - 4*m + 6. Let i = -5 + 3. Let s be (-1)/(2/16*i). What are the prime factors of w(s)?
2, 3
Suppose 0 = -4*w + 3 + 25. Suppose 41 = 4*b - w. What are the prime factors of b?
2, 3
Suppose 3*g - r - 11 - 28 = 0, -4*r = 4*g - 36. What are the prime factors of g?
2, 3
List the prime factors of 1/(4 - 357/90).
2, 3, 5
Suppose -22 = -4*q + 2*a, 3*a + 3 = 18. Let r be -8*(1 + (-14)/q). Suppose -4*u - r = 2*g, g = -0*u + u + 6. List the prime factors of g.
3
What are the prime factors of (99/22)/(6/40)?
2, 3, 5
Suppose -w - 15 = -48. What are the prime factors of w?
3, 11
Suppose t - 3*x - 37 = 0, 6*t - t - 245 = -5*x. What are the prime factors of t?
2, 23
Let x(h) = h**3 - h + 127. What are the prime factors of x(0)?
127
Suppose -3*x + 106 = 2*x + 3*a, -3*a = -4*x + 74. List the prime factors of x.
2, 5
Let x = -60 + 94. Let f = 61 - x. List the prime factors of f.
3
Suppose p = -2*h - 0*p + 37, 0 = -3*h + 3*p + 69. List the prime factors of h.
2, 5
Let f = 56 - -10. List the prime factors of f.
2, 3, 11
Let k = 581 - 314. What are the prime factors of k?
3, 89
Let i(v) = -v**3 + 9*v**2 - v + 6. List the prime factors of i(8).
2, 31
Let r(l) = -2*l**2 + 21. What are the prime factors of r(0)?
3, 7
Let o = -20 - -29. List the prime factors of o + -2 + 0/(-1).
7
Let i be (-21)/6*(-4)/(-2). Let z = 4 + i. Let a = z + 10. List the prime factors of a.
7
Let f = 2 - -8. Let n = 14 - f. Suppose r - n = -0*r. List the prime factors of r.
2
Let q be 96/9 - (-4)/12. Suppose q*k - 50 = 6*k. What are the prime factors of k?
2, 5
Suppose 0 = -o + 1 + 5. Suppose -o = -j + 14. List the prime factors of j.
2, 5
Suppose 4*d - 1 = -4*i + 3, 2*d = 5*i - 12. Let k be (d + 2)/(3/(-18)). List the prime factors of (k/8)/(5/(-40)).
2, 3
Let b(c) = c**3 + c**2 - 2*c - 4. Let p be b(-3). What are the prime factors of 147/5 + p/40?
29
Let d = -3 + 0. Let x be 0/(-5 - (0 + d)). Suppose 0 = -b - 5*a - 5, -4*b - 5*a + x*a = -25. What are the prime factors of b?
2, 5
Let h = -19 + 22. Suppose -5*s - 164 = -h*b, 1 - 13 = 3*s. List the prime factors of b.
2, 3
Let o(j) = -16*j - 1. Let t = 4 + -5. Let r be o(t). Suppose -r = 5*k, 13 + 0 = x - k. What are the prime factors of x?
2, 5
Suppose 7 = 3*p + 1. Suppose -p*n - 4 = -24. What are the prime factors of n?
2, 5
Let g(y) be the second derivative of -y**5/20 - y**4/3 + y**3 + y**2/2 - y. Let v be g(-5). Let m(k) = k**3 + 4*k**2 - 2*k + 2. List the prime factors of m(v).
2, 5
Suppose n + 7*n - 816 = 0. List the prime factors of n.
2, 3, 17
Let h(a) = 86*a**2 + 2*a. Let n be h(-2). List the prime factors of (n/35)/((-2)/(-7)).
2, 17
Suppose -17 - 11 = -4*i. Let l be (4*6 - 3) + -1. Suppose 0 = 5*b - i*b + l. What are the prime factors of b?
2, 5
Let x be 4*3/(36/(-129)). Let z = -30 - x. List the prime factors of z.
13
Suppose 0*b = 5*b + 4*p - 90, -2*b + 4*p = -8. What are the prime factors of b?
2, 7
Let l(a) = a**3 - 8*a**2 - 13*a + 12. Let h be l(9). Suppose -4*z - 3*n = -5*n + 74, 0 = 5*n - 25. Let p = z - h. What are the prime factors of p?
2
Suppose -15*o - 249 = -894. What are the prime factors of o?
43
Let l(i) = i**3 - 2*i**2 - 2*i - 6. Let d be l(-4). Let z = -26 - d. Let y = z - 48. List the prime factors of y.
2, 5
Suppose 0 = 5*j - 6 - 4. List the prime factors of ((-8)/(-20))/(j/130).
2, 13
Let r = -3 + 15. What are the prime factors of r?
2, 3
List the prime factors of 1/1*63/7.
3
Let d = 26 - 81. What are the prime factors of (d/15)/(1/(-12))?
2, 11
Suppose -3*j - 2*j = -210. What are the prime factors of j?
2, 3, 7
Let n = 134 + -96. What are the prime factors of n?
2, 19
Suppose 13*l - 6*l - 490 = 0. List the prime factors of l.
2, 5, 7
What are the prime factors of 4 - (-64 + 2 + 4)?
2, 31
Let c(w) = 25*w. List the prime factors of c(2).
2, 5
Let w be ((-3)/(-6))/((-1)/(-72)). Let h = -20 + w. What are the prime factors of h?
2
Suppose 915 = 2*n + 241. What are the prime factors of n?
337
Suppose 0*i - 2*i + 5*d - 12 = 0, 8 = 2*d. Suppose -i*k = -3*w + 52, -2*w + 0*w - 5*k = -50. Suppose -2*l = -3*l + w. What are the prime factors of l?
2, 5
List the prime factors of 15*(-5 + 3 + 4).
2, 3, 5
Let w(q) be the first derivative of -q**4/4 + 4*q**3/3 - q**2 - q - 2. Let k be w(3). Suppose k*d - 20 = -3*d. What are the prime factors of d?
2
Suppose 0 = -4*n - 2 + 10. Let k = 12 - n. List the prime factors of k.
2, 5
Let x = -181 + 253. Suppose -4*c + x = 4*i, 4*c - 92 = -10*i + 5*i. List the prime factors of i.
2, 5
Suppose 0*s + 5 = s. Suppose 0 = -5*t + 2*t - s*f + 37, 5*t = 5*f + 35. Let q(w) = w**3 - 9*w**2 + w - 5. List the prime factors of q(t).
2
Let z = 30 - 11. What are the prime factors of z?
19
Let f(k) = k**3 - 21*k**2 - 22*k + 17. List the prime factors of f(22).
17
Let k(i) = -i**2 + 7*i - 4. Let j = -4 - -9. What are the prime factors of k(j)?
2, 3
Suppose -2*m = 3*u - 549 - 139, -4*u - 4*m + 912 = 0. List the prime factors of u.
2, 29
Let q be 5 - (-2 + (-8)/(-2)). Suppose -k - 3*c + 14 = 0, 4*k + 0*c - 11 = q*c. Suppose -k*m = -m - 48. What are the prime factors of m?
2, 3
Suppose 0*m = 3*m - 297. What are the prime factors of m?
3, 11
Suppose -n = -p + 7 + 2, 9 = p + n. Let z = p - 4. Let l = 5 + z. What are the prime factors of l?
2, 5
Let s be ((-2)/(-4))/(3/(-1548)). List the prime factors of (12/(-18))/(4/s).
43
Let m be (1 - 3)/1*-1. Suppose 0 = -5*z - 0 + 5, -3*z = m*q - 15. List the prime factors of q.
2, 3
Suppose 6*d = 122 + 142. List the prime factors of d.
2, 11
Suppose 0 = 3*o - o + 10. Let s = -3 - o. Suppose -36 = -4*k + 6*u - s*u, -4*u - 24 = -2*k. What are the prime factors of k?
2, 3
Suppose 0 = 4*d - d - h - 41, 3*h - 21 = -3*d. What are the prime factors of d?
2, 3
Let x = 3 + 1. Let j(a) = a**3 - 7*a**2 + 2*a - 10. Let s be j(7). Suppose -s*y = -12 - x. What are the prime factors of y?
2
Let l(o) = 4*o**2 - o - 3. List the prime factors of l(3).
2, 3, 5
Suppose -10*l + 2225 = -735. What are the prime factors of l?
2, 37
Suppose 0 = -2*k + 4*k - 392. What are the prime factors of k?
2, 7
Let z(l) be the second derivative of l**5/20 - 2*l**4/3 + 5*l**3/3 - 7*l**2/2 + 5*l. List the prime factors of z(7).
2, 7
Let c(l) = -2*l - 2. Let s be c(3). Let x = s - -19. What are the prime factors of x?
11
Suppose -31 = -3*k + 188. Suppose 3*a = -1 + k. List the prime factors of a.
2, 3
Suppose 0 = 9*c - 4*c. Let k be (1 + c)*1 - -2. Suppose -k*a + 0*a + 18 = 0. What are the prime factors of a?
2, 3
Suppose -g + 5*m = -0*m - 125, -3*g = -5*m - 335. List the prime factors of g.
3, 5, 7
Suppose 2*u + 3 = 5*u. What are the prime factors of u/(-3) - 111/(-9)?
2, 3
List the prime factors of (45/1)/(-3 - 20/(-6)).
3, 5
Suppose -75 = -3*k - 9. What are the prime factors of k?
2, 11
Suppose -12*v + 18*v - 228 = 0. What are the prime factors of v?
2, 19
Let h(f) = -2*f**2 + 15*f - 1. List the prime factors of h(7).
2, 3
Let t(d) = d**3 - 5*d**2 + 8*d - 5. Let y be t(5). Let s = y + -23. What are the prime factors of s?
2, 3
Let p(m) = m**3 - m**2 - m + 1. Let k be p(2). What are the prime factors of (-2 + k)/((-1)/(-